[INFO] cloning repository https://github.com/bnewbold/bad-hashish
[INFO] running `Command { std: "git" "-c" "credential.helper=" "-c" "credential.helper=/workspace/cargo-home/bin/git-credential-null" "clone" "--bare" "https://github.com/bnewbold/bad-hashish" "/workspace/cache/git-repos/https%3A%2F%2Fgithub.com%2Fbnewbold%2Fbad-hashish", kill_on_drop: false }`
[INFO] [stderr] Cloning into bare repository '/workspace/cache/git-repos/https%3A%2F%2Fgithub.com%2Fbnewbold%2Fbad-hashish'...
[INFO] running `Command { std: "git" "rev-parse" "HEAD", kill_on_drop: false }`
[INFO] [stdout] 6ed6757702eea4f775ad06e293550b99a499a415
[INFO] checking bnewbold/bad-hashish against try#72f88fc4e9458f89516a0b8b0868f3718aec5b47 for pr-74989
[INFO] running `Command { std: "git" "clone" "/workspace/cache/git-repos/https%3A%2F%2Fgithub.com%2Fbnewbold%2Fbad-hashish" "/workspace/builds/worker-6/source", kill_on_drop: false }`
[INFO] [stderr] Cloning into '/workspace/builds/worker-6/source'...
[INFO] [stderr] done.
[INFO] validating manifest of git repo https://github.com/bnewbold/bad-hashish on toolchain 72f88fc4e9458f89516a0b8b0868f3718aec5b47
[INFO] running `Command { std: "/workspace/cargo-home/bin/cargo" "+72f88fc4e9458f89516a0b8b0868f3718aec5b47" "read-manifest" "--manifest-path" "Cargo.toml", kill_on_drop: false }`
[INFO] started tweaking git repo https://github.com/bnewbold/bad-hashish
[INFO] finished tweaking git repo https://github.com/bnewbold/bad-hashish
[INFO] tweaked toml for git repo https://github.com/bnewbold/bad-hashish written to /workspace/builds/worker-6/source/Cargo.toml
[INFO] crate git repo https://github.com/bnewbold/bad-hashish already has a lockfile, it will not be regenerated
[INFO] running `Command { std: "/workspace/cargo-home/bin/cargo" "+72f88fc4e9458f89516a0b8b0868f3718aec5b47" "fetch" "--locked" "--manifest-path" "Cargo.toml", kill_on_drop: false }`
[INFO] [stderr]  Downloading crates ...
[INFO] [stderr]   Downloaded zip v0.2.3
[INFO] [stderr]   Downloaded bzip2-sys v0.1.5
[INFO] [stderr]   Downloaded libflate v0.1.6
[INFO] [stderr]   Downloaded tar v0.4.12
[INFO] [stderr]   Downloaded petgraph v0.4.4
[INFO] running `Command { std: "docker" "create" "-v" "/var/lib/crater-agent-workspace/builds/worker-6/target:/opt/rustwide/target:rw,Z" "-v" "/var/lib/crater-agent-workspace/builds/worker-6/source:/opt/rustwide/workdir:ro,Z" "-v" "/var/lib/crater-agent-workspace/cargo-home:/opt/rustwide/cargo-home:ro,Z" "-v" "/var/lib/crater-agent-workspace/rustup-home:/opt/rustwide/rustup-home:ro,Z" "-e" "SOURCE_DIR=/opt/rustwide/workdir" "-e" "CARGO_TARGET_DIR=/opt/rustwide/target" "-e" "CARGO_HOME=/opt/rustwide/cargo-home" "-e" "RUSTUP_HOME=/opt/rustwide/rustup-home" "-w" "/opt/rustwide/workdir" "-m" "1610612736" "--user" "0:0" "--network" "none" "rustops/crates-build-env@sha256:d92eaeed33fa75130ca1ee6c8a01d1ffb62bac859dfdfb3450e3e5d1c0146529" "/opt/rustwide/cargo-home/bin/cargo" "+72f88fc4e9458f89516a0b8b0868f3718aec5b47" "metadata" "--no-deps" "--format-version=1", kill_on_drop: false }`
[INFO] [stdout] 675568e6d89069f44925d7ffdb6c8cde311de3bc76742dcef0bd9590f947330a
[INFO] [stderr] WARNING: Your kernel does not support swap limit capabilities or the cgroup is not mounted. Memory limited without swap.
[INFO] running `Command { std: "docker" "start" "-a" "675568e6d89069f44925d7ffdb6c8cde311de3bc76742dcef0bd9590f947330a", kill_on_drop: false }`
[INFO] running `Command { std: "docker" "inspect" "675568e6d89069f44925d7ffdb6c8cde311de3bc76742dcef0bd9590f947330a", kill_on_drop: false }`
[INFO] running `Command { std: "docker" "rm" "-f" "675568e6d89069f44925d7ffdb6c8cde311de3bc76742dcef0bd9590f947330a", kill_on_drop: false }`
[INFO] [stdout] 675568e6d89069f44925d7ffdb6c8cde311de3bc76742dcef0bd9590f947330a
[INFO] running `Command { std: "docker" "create" "-v" "/var/lib/crater-agent-workspace/builds/worker-6/target:/opt/rustwide/target:rw,Z" "-v" "/var/lib/crater-agent-workspace/builds/worker-6/source:/opt/rustwide/workdir:ro,Z" "-v" "/var/lib/crater-agent-workspace/cargo-home:/opt/rustwide/cargo-home:ro,Z" "-v" "/var/lib/crater-agent-workspace/rustup-home:/opt/rustwide/rustup-home:ro,Z" "-e" "SOURCE_DIR=/opt/rustwide/workdir" "-e" "CARGO_TARGET_DIR=/opt/rustwide/target" "-e" "CARGO_INCREMENTAL=0" "-e" "RUST_BACKTRACE=full" "-e" "RUSTFLAGS=--cap-lints=forbid" "-e" "CARGO_HOME=/opt/rustwide/cargo-home" "-e" "RUSTUP_HOME=/opt/rustwide/rustup-home" "-w" "/opt/rustwide/workdir" "-m" "1610612736" "--user" "0:0" "--network" "none" "rustops/crates-build-env@sha256:d92eaeed33fa75130ca1ee6c8a01d1ffb62bac859dfdfb3450e3e5d1c0146529" "/opt/rustwide/cargo-home/bin/cargo" "+72f88fc4e9458f89516a0b8b0868f3718aec5b47" "check" "--frozen" "--all" "--all-targets" "--message-format=json", kill_on_drop: false }`
[INFO] [stdout] 57a53c02299d4462157224a67b3d2d906a468cf1b24ac38638836450c6ec2b9c
[INFO] [stderr] WARNING: Your kernel does not support swap limit capabilities or the cgroup is not mounted. Memory limited without swap.
[INFO] running `Command { std: "docker" "start" "-a" "57a53c02299d4462157224a67b3d2d906a468cf1b24ac38638836450c6ec2b9c", kill_on_drop: false }`
[INFO] [stderr]     Checking libc v0.2.23
[INFO] [stderr]    Compiling gcc v0.3.48
[INFO] [stderr]    Compiling semver v0.1.20
[INFO] [stderr]    Compiling pkg-config v0.3.9
[INFO] [stderr]    Compiling winapi-build v0.1.1
[INFO] [stderr]     Checking matches v0.1.4
[INFO] [stderr]     Checking lazy_static v0.2.8
[INFO] [stderr]     Checking unicode-normalization v0.1.4
[INFO] [stderr]     Checking winapi v0.2.8
[INFO] [stderr]     Checking byteorder v1.0.0
[INFO] [stderr]    Compiling openssl v0.9.12
[INFO] [stderr]     Checking serde v1.0.8
[INFO] [stderr]     Checking httparse v1.2.2
[INFO] [stderr]     Checking cfg-if v0.1.0
[INFO] [stderr]     Checking fixedbitset v0.1.6
[INFO] [stderr]     Checking ordermap v0.2.10
[INFO] [stderr]     Checking podio v0.1.5
[INFO] [stderr]     Checking fnv v1.0.5
[INFO] [stderr]     Checking nom v2.2.1
[INFO] [stderr]     Checking unicode-segmentation v1.2.0
[INFO] [stderr]     Checking mime v0.2.4
[INFO] [stderr]     Checking unicode-bidi v0.3.2
[INFO] [stderr]     Checking crc v1.4.0
[INFO] [stderr]     Checking base64 v0.5.2
[INFO] [stderr]     Checking libflate v0.1.6
[INFO] [stderr]    Compiling kernel32-sys v0.2.2
[INFO] [stderr]     Checking petgraph v0.4.4
[INFO] [stdout] error[E0214]: parenthesized type parameters may only be used with a `Fn` trait
[INFO] [stdout]    --> /opt/rustwide/cargo-home/registry/src/github.com-1ecc6299db9ec823/libflate-0.1.6/src/gzip.rs:452:61
[INFO] [stdout]     |
[INFO] [stdout] 452 |         writer.write_u16::<LittleEndian>(self.data.len() as u16())?;
[INFO] [stdout]     |                                                             ^^^^^ only `Fn` traits may use parentheses
[INFO] [stdout] 
[INFO] [stdout] 
[INFO] [stderr]    Compiling rustc_version v0.1.7
[INFO] [stderr]     Checking time v0.1.37
[INFO] [stderr]     Checking num_cpus v1.4.0
[INFO] [stderr]     Checking memchr v0.1.11
[INFO] [stderr]     Checking memchr v1.0.1
[INFO] [stderr]     Checking xattr v0.1.11
[INFO] [stderr]     Checking filetime v0.1.10
[INFO] [stderr]     Checking atty v0.2.2
[INFO] [stderr]     Checking rand v0.3.15
[INFO] [stderr]     Checking term_size v0.3.0
[INFO] [stderr]     Checking aho-corasick v0.5.3
[INFO] [stderr]     Checking csv-core v0.1.2
[INFO] [stderr]     Checking idna v0.1.2
[INFO] [stdout] error: aborting due to previous error
[INFO] [stdout] 
[INFO] [stdout] 
[INFO] [stdout] For more information about this error, try `rustc --explain E0214`.
[INFO] [stdout] 
[INFO] [stderr] error: could not compile `libflate`.
[INFO] [stderr] 
[INFO] [stderr] To learn more, run the command again with --verbose.
[INFO] [stderr] warning: build failed, waiting for other jobs to finish...
[INFO] [stdout] error[E0034]: multiple applicable items in scope
[INFO] [stdout]    --> /opt/rustwide/cargo-home/registry/src/github.com-1ecc6299db9ec823/petgraph-0.4.4/src/graph.rs:489:21
[INFO] [stdout]     |
[INFO] [stdout] 489 |         assert!(Ix::max().index() == !0 || NodeIndex::end() != node_idx);
[INFO] [stdout]     |                     ^^^ multiple `max` found
[INFO] [stdout]     |
[INFO] [stdout] note: candidate #1 is defined in the trait `IndexType`
[INFO] [stdout]    --> /opt/rustwide/cargo-home/registry/src/github.com-1ecc6299db9ec823/petgraph-0.4.4/src/graph.rs:47:5
[INFO] [stdout]     |
[INFO] [stdout] 47  |     fn max() -> Self;
[INFO] [stdout]     |     ^^^^^^^^^^^^^^^^^
[INFO] [stdout] note: candidate #2 is defined in the trait `Ord`
[INFO] [stdout] help: disambiguate the associated function for candidate #1
[INFO] [stdout]     |
[INFO] [stdout] 489 |         assert!(IndexType::max().index() == !0 || NodeIndex::end() != node_idx);
[INFO] [stdout]     |                 ^^^^^^^^^^^^^^
[INFO] [stdout] help: disambiguate the associated function for candidate #2
[INFO] [stdout]     |
[INFO] [stdout] 489 |         assert!(Ord::max().index() == !0 || NodeIndex::end() != node_idx);
[INFO] [stdout]     |                 ^^^^^^^^
[INFO] [stdout] 
[INFO] [stdout] 
[INFO] [stdout] error[E0308]: mismatched types
[INFO] [stdout]    --> /opt/rustwide/cargo-home/registry/src/github.com-1ecc6299db9ec823/petgraph-0.4.4/src/graph.rs:489:38
[INFO] [stdout]     |
[INFO] [stdout] 442 | impl<N, E, Ty, Ix> Graph<N, E, Ty, Ix>
[INFO] [stdout]     |                -- this type parameter
[INFO] [stdout] ...
[INFO] [stdout] 489 |         assert!(Ix::max().index() == !0 || NodeIndex::end() != node_idx);
[INFO] [stdout]     |                                      ^^ expected type parameter `Ix`, found integer
[INFO] [stdout]     |
[INFO] [stdout]     = note: expected type parameter `Ix`
[INFO] [stdout]                          found type `{integer}`
[INFO] [stdout] 
[INFO] [stdout] 
[INFO] [stdout] error[E0034]: multiple applicable items in scope
[INFO] [stdout]    --> /opt/rustwide/cargo-home/registry/src/github.com-1ecc6299db9ec823/petgraph-0.4.4/src/graph.rs:526:21
[INFO] [stdout]     |
[INFO] [stdout] 526 |         assert!(Ix::max().index() == !0 || EdgeIndex::end() != edge_idx);
[INFO] [stdout]     |                     ^^^ multiple `max` found
[INFO] [stdout]     |
[INFO] [stdout] note: candidate #1 is defined in the trait `IndexType`
[INFO] [stdout]    --> /opt/rustwide/cargo-home/registry/src/github.com-1ecc6299db9ec823/petgraph-0.4.4/src/graph.rs:47:5
[INFO] [stdout]     |
[INFO] [stdout] 47  |     fn max() -> Self;
[INFO] [stdout]     |     ^^^^^^^^^^^^^^^^^
[INFO] [stdout] note: candidate #2 is defined in the trait `Ord`
[INFO] [stdout] help: disambiguate the associated function for candidate #1
[INFO] [stdout]     |
[INFO] [stdout] 526 |         assert!(IndexType::max().index() == !0 || EdgeIndex::end() != edge_idx);
[INFO] [stdout]     |                 ^^^^^^^^^^^^^^
[INFO] [stdout] help: disambiguate the associated function for candidate #2
[INFO] [stdout]     |
[INFO] [stdout] 526 |         assert!(Ord::max().index() == !0 || EdgeIndex::end() != edge_idx);
[INFO] [stdout]     |                 ^^^^^^^^
[INFO] [stdout] 
[INFO] [stdout] 
[INFO] [stdout] error[E0308]: mismatched types
[INFO] [stdout]    --> /opt/rustwide/cargo-home/registry/src/github.com-1ecc6299db9ec823/petgraph-0.4.4/src/graph.rs:526:38
[INFO] [stdout]     |
[INFO] [stdout] 442 | impl<N, E, Ty, Ix> Graph<N, E, Ty, Ix>
[INFO] [stdout]     |                -- this type parameter
[INFO] [stdout] ...
[INFO] [stdout] 526 |         assert!(Ix::max().index() == !0 || EdgeIndex::end() != edge_idx);
[INFO] [stdout]     |                                      ^^ expected type parameter `Ix`, found integer
[INFO] [stdout]     |
[INFO] [stdout]     = note: expected type parameter `Ix`
[INFO] [stdout]                          found type `{integer}`
[INFO] [stdout] 
[INFO] [stdout] 
[INFO] [stdout] error: aborting due to 4 previous errors
[INFO] [stdout] 
[INFO] [stdout] 
[INFO] [stdout] Some errors have detailed explanations: E0034, E0308.
[INFO] [stdout] 
[INFO] [stdout] For more information about an error, try `rustc --explain E0034`.
[INFO] [stdout] 
[INFO] [stderr] error: build failed
[INFO] running `Command { std: "docker" "inspect" "57a53c02299d4462157224a67b3d2d906a468cf1b24ac38638836450c6ec2b9c", kill_on_drop: false }`
[INFO] running `Command { std: "docker" "rm" "-f" "57a53c02299d4462157224a67b3d2d906a468cf1b24ac38638836450c6ec2b9c", kill_on_drop: false }`
[INFO] [stdout] 57a53c02299d4462157224a67b3d2d906a468cf1b24ac38638836450c6ec2b9c
